-62 - (-3 - -2))?
16
What is the value of -5 - (10 + -4 + -21)?
10
Calculate 10 + 8 - (58 + -30).
-10
Evaluate (8 - 0) + 5 + -1.
12
What is (-3 + 8 - (-1 + -5 - -8)) + 2?
5
What is the value of (-520 - -482) + (-1 - -14)?
-25
Calculate -4 - (-3 - (4 - (-2 - -6))).
-1
What is (-15 - -1) + 3 - (56 - 61)?
-6
Evaluate (-13 - 0) + -1 + 300 + -286.
0
Evaluate 14 - (-18 + 8 - (-3 + -5) - -13).
3
21 + -16 - (-28 + 37 - (0 + 3))
-1
What is the value of (3 - (3 - (-1 - 7))) + 2?
-6
Calculate (7 - 12) + (-2 - (-1 - 1) - -2).
-3
-4 - -1 - (9 - 27)
15
23 - 39 - (-7 - -2)
-11
-8 + -2 + -2 - (-3 + 3 + -2)
-10
What is -9 - ((16 + -16 - -2) + -8)?
-3
2 + 54 + -388 + 354
22
Calculate 0 - (0 - 4) - (-3 + 6 + -8).
9
Evaluate 6 + (0 - -13) - 8.
11
Calculate 12 + (-13 + 9 - 2) + 7.
13
Calculate -6 - (-7 + 1 - -5) - 3.
-8
(-18 - -11) + 6 - (-2 - 0)
1
What is -26 + -9 + 12 - -10 - -27?
14
Evaluate (2 - 1) + (-10 + 9 - 1).
-1
What is the value of -27 + -27 + (61 - 9)?
-2
Calculate (29 - 12) + (-33 - -7).
-9
Calculate -3 + (-8 - (11 - 16)).
-6
Calculate (-1 - -52) + 71 + -113.
9
What is 4 + (7 - 7) + -46 + 14?
-28
-1 + (4 - 13) + 0 + 1
-9
Evaluate (7 - (-1 - -2) - 5) + 3.
4
What is the value of -5 - 2 - (-33 - -20)?
6
Calculate -18 - (-11 - ((-2 - -2) + -13 + 5)).
-15
Calculate 28 + -1 - (32 + -24).
19
What is the value of 0 - -18 - (9 - (0 - (-7 + 2)))?
14
Calculate 37 - (-5 + 5 + 8 + 3).
26
Calculate (19 - -23) + -21 + -28.
-7
What is the value of 25 - (18 + -20 + 40)?
-13
What is the value of 2 + -4 + 142 + -139?
1
Calculate -15 + -3 - -5 - (3 - (-4 - -11)).
-9
Evaluate (-14 - (19 + -26)) + -6.
-13
What is the value of (-54 - -5) + -91 + 122?
-18
Evaluate (-13 - -34 - 14) + -5 + 0 + 0.
2
What is the value of 1 - (-9 - -14 - (-7 + 12))?
1
What is 55 + -51 - (1 - (-13 + (1 - 2)))?
-11
What is the value of (-2 - (5 - 13 - 8)) + -2?
12
What is 4 + -10 + 3 + (11 - -2) + -10?
0
Calculate 5 + 1 + -11 + 1.
-4
What is the value of 2 + -14 + (98 - 82)?
4
What is 42 - 2 - -3 - (-371 - -385)?
29
What is the value of -2 - (-5 + 1 - -6 - (5 - -1))?
2
-29 + 1 + 4 + 16
-8
What is the value of 19 - (-22 + 10 + 26) - 0?
5
What is -1 + 3 - (-7 - (0 - (-2 - -6)))?
5
What is the value of 4 + -26 - (15 + -26)?
-11
What is -4 - (-7 - (-15 - (7 + -16)))?
-3
Calculate 3 + -7 + 6 + -11 + 8.
-1
What is -7 - (-20 + -6) - -2?
21
What is -32 + (44 - -14) - 5?
21
What is the value of 0 + 4 + -3 + 2 + 9 + -1?
11
What is 22 + -2 + (-1 + -16 + 6 - 0)?
9
What is (21 - (-1 - (-5 + -10))) + -2 + 7?
12
What is (-7 - 0) + 5 + 16 - 1?
13
Evaluate (40 - (7 - -24)) + 9 + -2.
16
Evaluate -16 + 22 + -11 - (1 + 0) - -33.
27
Calculate -132 - -152 - ((0 - 0) + 0 + 1).
19
What is the value of (2 - -3) + (-10 - -3) + (62 - 55)?
5
Evaluate (-1 + -5 - (-17 + 3)) + -8 + 16.
16
What is 12 + (-1 - (-26 + 40))?
-3
What is the value of 2 + 9 - (8 - -9 - 10)?
4
What is (-17 + 3 - 7) + (1 - 11 - -16)?
-15
Evaluate (4 - -4) + 0 + 0 - 21.
-13
Calculate 0 - 0 - (2 + 27 + -23).
-6
Evaluate 0 + -13 + 11 + 8 + -7.
-1
What is the value of (-15 - (9 - 21)) + 9 + -8?
-2
What is -13 + (-1 - 0) + 1 - (17 + -17)?
-13
Evaluate -32 - (31 - (22 + 14)).
-27
Calculate 1 + 5 + (22 - (105 + -53)).
-24
Evaluate -15 - -31 - (3 + -4 - -26).
-9
Calculate 24 + (-23 + -9 - -1).
-7
1 + 4 - -4 - (-10 - -4) - 6
9
Calculate -16 + 64 - 26 - 24.
-2
What is the value of (5 - 8 - 0) + -1 + 13?
9
What is -13 + 12 + 6 + -6?
-1
What is the value of -42 + 42 - (-4 - -15)?
-11
Calculate (-3 - -12) + 7 - 7.
9
What is the value of 7 + (0 - 5) - 9?
-7
2 - 33 - -18 - 7
-20
Calculate 2 + -4 + 11 - 8 - -13.
14
What is the value of -12 + 0 + 119 + -97?
10
What is the value of (-7 - 1) + (13 - 3) + -6?
-4
What is 1 - (-8 + (10 + -12 - -11) - 0)?
0
Evaluate 5 - (2 + (6 - (3 - (-2 - 3)))).
5
What is (6 - -28 - 6) + (55 - 55)?
28
27 - ((-2 - -6) + (7 - (5 + 4)))
25
Evaluate 8 - ((-34 - -39) + (4 + -4 - 4)).
7
Evaluate 3 + (3 - -1 - 9).
-2
What is the value of (0 - -6) + -7 + 2 + 10 + -10?
1
-6 - -15 - 4 - -3
8
What is -6 + ((-7 - -4) + 8 - (-2 + 11))?
-10
Evaluate (3 - (2 - 3 - 1)) + -120 + 126.
11
(-14 - (-33 - -9)) + (3 + -8 - -6)
11
What is -1 - 1 - ((8 + 5 - 1) + -4)?
-10
What is the value of -7 + (4 - (-18 - -7)) + -23?
-15
Calculate -8 + (31 + -9 + 6 - 9).
11
Calculate -9 - (-6 - -18 - 4).
-17
Evaluate 7 + 1 + 2 - (-107 + 119).
-2
Evaluate 2 + -7 - (-27 - (-5 - 14)).
3
What is the value of 0 - -2 - (1 + (4 - 3) + -5)?
5
-46 + (7 - -8) + -8 + (18 - 15)
-36
23 + -27 + 10 - (2 - -1 - -2)
1
-43 + 50 + -8 + 1
0
Calculate 20 + 5 + 1 + 1 + -54 + 50.
23
What is the value of 3 - (12 + (-13 - 15) - -18)?
1
Evaluate -9 + 10 - 18 - 4.
-21
Evaluate 2 + (-8 - (-7 - -9)).
-8
Calculate -10 + 7 + 13 + -13 - 16.
-19
-102 + 160 - (0 - -31)
27
What is the value of -8 - ((-12 - 12) + 11) - 6?
-1
4 + 7 + 96 + -95
12
Evaluate (-6 + -7 + -3 + -8 - 2) + 0.
-26
Calculate (-1 + -6 + 3 + 3 - -4) + 2.
5
What is -9 + 5 - ((-1 - 10) + 25)?
-18
What is the value of (-1 - 27) + (30 - 9 - 12)?
-19
-42 + (10 - 11 - -11) - -8
-24
What is 13 - (8 - (1 - 9))?
-3
Evaluate 7 - (0 - 5 - (-33 - -30)).
9
Evaluate -1 - -8 - (7 - -7 - 19).
12
What is -5 + 0 - (-1 - (-9 + 21))?
8
Calculate (2 - (-8 - (-7 - 15))) + 27.
15
Evaluate 0 + -10 - -11 - (-3 + -9).
13
Calculate (-7 - -5) + (-3 + -4 + 6 - -4).
1
Evaluate 49 + (33 - 55 - 17).
10
Calculate 1 - 16 - (16 - 27).
-4
What is the value of (6 + 2 - 1) + (8 + -16 - 13)?
-14
Evaluate -2 - -10 - (1371 + -1338).
-25
What is 3 + -5 + -9 - -14 - (1 + 3)?
-1
-2 + 14 + -11 + -3
-2
Evaluate (4 + -7 - 1) + (-2 - (6 + 2)).
-14
Calculate -3 + (8 - 4 - -3 - (-3 - 0)).
7
-158 + 140 - (-36 - 2)
20
What is the value of 17 + 0 + (32 - 42)?
7
What is -94 + 110 + 1 + -17?
0
What is the value of -10 + (-3 + 5 - 0) + (-1 - -2)?
-7
Evaluate (-5 - 1) + 13 + -1 + -2.
4
Evaluate 0 - (-1 - -4 - (44 + -42)).
-1
Calculate 5 + 3 + 2 + (17 - 43).
-16
What is the value of 6 - 42 - (-2 - 17)?
-17
What is -56 - (-26 - 13) - (-14 - -2)?
-5
What is the value of 33 - 45 - (-23 - 1)?
12
12 - (-59 - -62 - ((-5 - -2) + -42))
-36
What is the value of -10 - (-15 + (-10 - -11)) - -2?
6
What is the value of 5 + -12 + 6 + 2 + (1 - -2)?
4
Calculate 5 - (7 + 3 + -11) - 18.
-12
What is (-9 - (13 - 13) - -10) + (1 - -15)?
17
What is 9 + (-10 - 24) + 6 - (20 - 10)?
-29
8 + (-2 + 5 - 5 - -2)
8
Calculate -6 + 5 - (-14 + 4).
9
What is the value of 4 + (-45 - 1) + 28?
-14
Calculate (-41 - (34 - 83)) + (-3 - 0).
5
Calculate 0 - (-10 - 11 - -14) - 20.
-13
Calculate 2 - (6 - 1) - (-41 - -35 - -15).
-12
Evaluate -25 + (7 - (1 + -8)) + -2 + 3.
-10
Evaluate (0 - 7) + -5 + 15 + -20.
-17
What is -6 - (-25 + 18 + -6 + 2 + 1)?
4
12 + (-8 - 12) + -5
-13
What is the value of -3 + (15 - 24) + -6 + 3?
-15
16 - (21 + -28 + 6)
17
8 - (1 + (30 - 25) + (1 - 2))
3
What is the value of (26 - (-10 - -39)) + (0 - 1)?
-4
What is 4 - (2 + -4 + -5 - (8 + -12))?
7
Evaluate 5 + 11 + (19 + -33 - -23).
25
What is 5 - 13 - (-5 - 6)?
3
What is the value of (49 - 26) + 4 + (1 - 3)?
25
What is 109 - 78 - ((0 - -4) + -7)?
34
Calculate (7 - 41) + 10 - (0 + 2 + 2).
-28
What is 0 + 3 + (-1 - (-9 + 3))?
8
What is the value of (-23 + 2 - -4 - -3) + 4 + 0?
-10
What is the value of -37 + (-35 - -91 - 40)?
-21
Evaluate -1 + (3 - (-3 - -3 - 2)).
4
What is the value of 225 + -235 - (1 + -12)?
1
What is the value of 0 + (13 - 7 - (-2 + -1 - -2))?
7
(-139 - -146) + (-3 - -1) - 10
-5
0 - (16 + -42 + 13)
13
-5 + -6 + (-9 - -3 - (-18 + 6))
-5
What is 9 - 14 - 9 - -8?
-6
What is 6 - (-3 + 2 - (0 - (-1 - -17)))?
-9
What is the value of (-88 - -59) + (-5 - -26 - 5)?
-13
Calculate 21 + (-34 - -16) - (7 - -1).
-5
Evaluate 4 + (-7 - -4) - ((-11 - -6) + 16).
-10
-4 - (-3 + -4 + (-6 - (2 - 8)))
3
Evaluate (1 + 9 - 4) + 1.
7
15 + -18 - (0 + 7 - -18) - -9
-19
Calculate 6 - (-13 + 35 - (-1 - -2)).
-15
Calculate 28 - (-1 + (12 - 24) - -27).
14
2 + 1 + 5 + -6 + 3 + -10
-5
-7 + -8 + 12 + (10 - -10)
17
What is the value of 2 + -2 + -1 + -69 + 74?
4
What is (-10 + -20 - -18) + 13?
1
-14 - (5 + -7 - 3) - (125 - 120)
-14
18 + 38 + (-16 - 11)
29
Calculate (-6 - 48 - -61) + -19 + -1.
-13
What is the value of (-13 - -23) + (9 - 32)?
-13
Evaluate 7 + -14 - -8 - -1.
2
What is (70 - 73) + (-11 - 5)?
-19
Calculate -23 - (-33 + 24 + 0).
-14
What is 10 + -16 + 22 + -3?
13
What is -21